9/u a composite number?
True
Let l(r) = r**2 + 27*r + 25. Let m be l(-26). Is (3 + -1 + -3)*(-1214 - m) a composite number?
False
Suppose -g + 6*g = 0. Suppose 2*l - 561 - 117 = g. Let j = l + -226. Is j composite?
False
Suppose 47*q - 52*q = -24845. Is q composite?
False
Let x(n) = -13*n**3 + 11*n**2 + 25*n + 137. Is x(-10) composite?
True
Suppose l + l = 6. Suppose -3*c + 6 = f, -c + 0*f - l*f + 10 = 0. Is 210/c + 4 + -3 composite?
False
Let w be 9/(-6)*40/(-15). Suppose 0*g + 4*a = -g + 113, -w*a - 259 = -3*g. Suppose 0 = 3*f - 66 - g. Is f composite?
False
Let v be ((-798)/(-8))/(-2*(-2)/176). Suppose -2641 = -3*y - 5*g, 2*y + 2*g = -3*y + v. Is y a prime number?
True
Let a be (0 + -1)/((-1)/(-92)). Suppose 2*c - 344 = 166. Let w = c + a. Is w a prime number?
True
Let y = 10 - 11. Is (-5)/(-15) + 2086/6 + y a prime number?
True
Let j(u) = 129*u**2 + 8*u - 19. Is j(4) a composite number?
True
Let h(d) = -d**3 + 21*d**2 - 19*d + 11. Let o be 3/2 - 100/(-8). Is h(o) a prime number?
True
Suppose -3*s - 141 = -5*v, -3*s = 3*v - 0*s - 99. Suppose -31*k + v*k = 0. Suppose 2*f - 4 = k, -4*t + f = 2*f - 1774. Is t a composite number?
False
Let l(z) = 1140*z - 1005. Let n(c) = 17*c - 15. Let y(v) = 2*l(v) - 135*n(v). Let b be y(-5). Let f = 235 - b. Is f composite?
True
Suppose 2*s = o - 5024, s + 9521 = 4*o - 10610. Let p = o - 2471. Is p a composite number?
True
Suppose -7*s = -5*s - 652. Is (0 + s/4)*14 a prime number?
False
Suppose -20*u = -21*u + 2*i + 6937, -5*i = -5*u + 34710. Is u a prime number?
True
Suppose -4*w + m + 32 = 6*m, -w - 17 = -5*m. Let t be 6 + (-1 - (w - 1)). Suppose -25 = y - 6*y, n - 44 = t*y. Is n composite?
False
Let c = -10821 + 28720. Is c prime?
False
Let t = -44177 + 103510. Is t prime?
True
Let x(t) = t**3 + 3*t**2 - 19*t + 28. Is x(15) a composite number?
False
Let h be (32/6)/(32/(-144)). Let r = h - -30. Suppose c - r*c = -1645. Is c a prime number?
False
Let i(w) be the second derivative of 11*w**3/2 - w**2 + 7*w. Let q = 6 + -5. Is i(q) a prime number?
True
Suppose -19 + 17 = u. Let p be -4*(-1 + 0) - u. Is -159*-2*1/p composite?
False
Let n(r) = -5*r**2 + 12 + 16*r + 4*r**3 + 6*r**3 - 3*r**3 - 7. Is n(4) prime?
False
Suppose -9*i = 15*i - 348456. Is i prime?
True
Let g be (-1)/(-6) - (-3876)/72. Let d be (g/(3 - 5))/1. Is 511 - 9/(d/(-6)) prime?
True
Let i = -12 + 15. Let c(g) = 499*g - 20. Let o(m) = -166*m + 7. Let t(d) = i*c(d) + 8*o(d). Is t(3) prime?
True
Let o(d) = -2*d - 5*d + 3*d**2 - 2*d - 5. Let m be (100/(-14) - (-6)/42)*-1. Is o(m) a prime number?
True
Let f = 13 - 9. Suppose 2*q = f*q - 890. Is q a prime number?
False
Let u(p) = -p**3 + 3*p + 90223. Is u(0) composite?
True
Let g be ((-24)/8)/(-3 + 2). Is g*862/(-15)*-5 composite?
True
Suppose 40*x - 27*x = 77207. Is x composite?
False
Suppose -4*j = -5*n + j - 5, 6 = 2*j. Suppose -n*q + 0*q = -758. Is q composite?
False
Let m(w) = 2*w**2 + w + 16. Let y be m(0). Let z(u) = -u**3 + 17*u**2 - 15*u - 6. Let h be z(y). Let a(o) = 335*o + 3. Is a(h) composite?
True
Suppose -2 - 2 = -2*j + 2*q, -2*j - 4*q = -4. Let a(i) = 10*i + 9 + 4*i + i - j*i + 9*i**2. Is a(-13) composite?
False
Suppose -2*b - 5*h - 2 = -0, 0 = -4*h - 8. Let f = 4 - b. Suppose -2*c + 812 = 2*x, 4*x - c + 3*c - 1618 = f. Is x a composite number?
True
Suppose z + z = -5*g - 3448, 3*g = -3*z - 5154. Let c = 928 + z. Is c/(-21) + (-12)/28 composite?
False
Let r(v) = -v**2 - 5*v - 2. Let d be r(-4). Suppose d*o - 4 = 0, -l - 3*l = 3*o - 162. Is l a composite number?
True
Let j = 199 - 24. Suppose r - j = -4*r. Is r composite?
True
Let z = -13 - -17. Suppose z*p - w = 23015, -5*p + w - 17256 = -8*p. Is p a composite number?
True
Let x be 343/15 + (-10)/(-75). Let k = x + -7. Is 382/18 - k/72 prime?
False
Let v = 11 - 3. Suppose 255 = -v*h + 39. Let q = h + 49. Is q a prime number?
False
Let v be (-99)/(-54) - (-1)/6. Suppose 3*c - 7*c - v*f + 24 = 0, 2*f + 12 = 5*c. Suppose w + c*w - 1085 = 0. Is w composite?
True
Let h = -6450 + 10057. Suppose p - h = -2*m, -m + 763 + 1028 = -2*p. Is m a prime number?
True
Let r = -56 - -58. Suppose -8870 = -5*v + a + r*a, -3*v - 3*a = -5346. Is v composite?
False
Let i = 139 - -442. Is i a prime number?
False
Let h = 59 - 37. Let v = h - 16. Is 2/v + 1032/9 composite?
True
Let q(g) = 6*g**3 - 2*g**2 - 8*g - 3. Is q(4) composite?
False
Suppose 3*h + 4*k = 212971, 0 = -5*h + 6*h + 3*k - 70992. Is h composite?
True
Let x(u) = -u**2 - 25*u + 30. Let k be x(-26). Is (-482 + (1 - -2))/(k/(-8)) a composite number?
True
Let d(i) = i + 8. Let s be d(-5). Let h(f) = -81*f - s + 2 - 7*f. Is h(-1) a composite number?
True
Let o be ((-1307)/7 - 0) + 20/(-70). Let h = 576 + o. Is h composite?
False
Suppose 3*a + 2*k - 4 = 0, -4*a + 2*k - 4 = -14. Suppose -4*v + a*d = -4082, 4*d = -d - 25. Is v composite?
True
Let q(k) = 1296*k**2 - 10*k + 19. Is q(2) composite?
True
Let h = 4300 + -1963. Suppose l - 5*k - 1163 = -0*k, -k + h = 2*l. Suppose 4*i - 1554 = 2*j, -3*i + 0*j = -j - l. Is i a prime number?
False
Let c = 84 - 84. Suppose -4*x - 2*k + 3514 = 0, c*x = -3*x + 4*k + 2619. Is x prime?
True
Suppose 348 = 4*k - 3*n - 2438, 2*n + 1392 = 2*k. Suppose -4*i + k = -378. Is i a composite number?
False
Let z(o) be the first derivative of o**4/2 + o**3/3 - 9*o**2/2 + 5*o - 7. Is z(6) a composite number?
False
Suppose 3*m = 4*l - 39, -3*m - 13 = -l + m. Let j be -37*(-1*l - 0). Suppose 2*g - j = -g. Is g a composite number?
True
Let x be (1 - -2241) + 0 + -4. Suppose 1152 = 6*p - x. Is p a prime number?
False
Let t = 19692 + -1945. Is t a composite number?
False
Let g = 245 - -414. Is g a composite number?
False
Suppose 2*u + 1812 = -7*y + 2*y, -5*y + 1812 = -2*u. Let h = u + 1547. Is h a prime number?
True
Suppose -2*s = 4*w - 36, -2*s - 5*w = -10*w + 9. Suppose 0 = -7*v + s*v - 753. Is v a prime number?
False
Let h(a) = -2*a**3 + 26*a**2 + 32*a + 47. Is h(-18) a prime number?
True
Let o be 8/(-10)*3325/(-38). Suppose 2*l - 2*j = o, -10*l + 78 = -8*l + 2*j. Is l composite?
False
Let h be 2/(-3) - (-358)/6. Suppose -4*n - 14 = -402. Suppose -2*m - 66 = -3*i + n, -i - 4*m = -h. Is i prime?
False
Let c(a) = -a**3 + 10*a**2 + 21*a - 16. Is c(10) a composite number?
True
Let q(g) = g**2 + 16*g + 16. Let k(z) = z. Let o(s) = -3*k(s) + q(s). Let c be o(-12). Suppose 0 = c*n - 74 - 30. Is n prime?
False
Suppose 7*j = 18*j - 71621. Is j composite?
True
Is -6 + 595791/54 + (-4)/24 a prime number?
True
Let t(u) = -u**3 - u + 8. Let b be t(0). Let p(y) = -9*y**2 - y**3 + 9 - b*y - 5 + 6. Is p(-8) a composite number?
True
Let l = -4534 - -6765. Is l a prime number?
False
Let i be (33/33)/((-1)/(-1907)). Suppose -i = -10*f - 417. Is f a composite number?
False
Let s = -230 + 390. Let b = -37 - -42. Suppose 2*u + 3*x - s = b*x, x = 3. Is u a composite number?
False
Suppose 0 = 2*i - 3*l - 43327, -5*l + 8481 = -i + 30127. Is i prime?
False
Suppose -6*r = -8*r + 13340. Suppose 3*q + 2131 = r. Is q a composite number?
True
Let a = -22 - -26. Suppose -5*f + 4827 = -n + 3*n, a*f + 5*n - 3848 = 0. Is f a composite number?
False
Is (-1218)/9*(-39)/26 a prime number?
False
Suppose -24*b - 61770 = -165474. Is b prime?
False
Suppose -5*h + 5978 = -9192. Suppose 0 = 6*p - 4*p - h. Is p composite?
True
Is 210 + 1 - (-39 - -32) composite?
True
Let y be ((-32)/(-10))/(1/(-5)). Let j(r) = -r**2 - 9*r - 17. Let k be j(y). Let f = k - -208. Is f prime?
True
Let y be 12*-1*1/(-2). Suppose 3*v - y*v + 291 = 0. Is v composite?
False
Suppose 12599 = 6*g - 34411. Is g a composite number?
True
Let i(k) = -13*k - 3*k**2 + 6*k**2 - 31 - 6*k. Is i(14) a prime number?
False
Suppose 2*u + 0 = -10. Let b(x) = -x - 5 - 5*x + 2*x. Is b(u) composite?
True
Let u = -37622 - -74875. Is u a prime number?
True
Suppose -6*r + 8 = -4. Suppose -2*s - 3*v + 2770 = 0, r*s + 3*s + 5*v = 6925. Is s composite?
True
Let h(z) = -3163*z**3 + z**2 - 2*z - 3. Let l be h(-1). Let w = 4524 - l. Is w a composite number?
False
Let h(l) = 41*l**2 - 8*l + 31. Is h(-14) prime?
True
Let u(k) = k + 2*k**2 + 6*k - 9 - 2*k - 1. Is u(-25) prime?
False
Suppose -4*m + 3 + 0 = -5*t, t - 1 = 0. Let u be 73/3 - m/6. Let j = 47 - u. Is j composite?
False
Let g(j) = 2512*j - 119. Is g(13) a composite number?
False
Let i = -6398 - -11035. Is i a composit